{"id":8160,"date":"2024-01-23T13:46:59","date_gmt":"2024-01-23T13:46:59","guid":{"rendered":"https:\/\/whiskyintenationalonline.com\/?post_type=product&#038;p=8160"},"modified":"2024-01-23T13:47:00","modified_gmt":"2024-01-23T13:47:00","slug":"four-roses-130th-anniversary","status":"publish","type":"product","link":"https:\/\/whiskyintenationalonline.com\/?product=four-roses-130th-anniversary","title":{"rendered":"Four Roses 130th Anniversary"},"content":{"rendered":"<h2 class=\"story-subtitle\">About Four Roses 130th Anniversary Kentucky Straight Bourbon Whiskey<\/h2>\n<p>Following Prohibition, Four Roses Kentucky Straight Bourbon became the top-selling bourbon in the United States.<\/p>\n<p>In 1943, Seagram&#8217;s bought the distillery and a decade later, discontinued the sale of Four Roses Kentucky Straight Bourbon.<\/p>\n<p>In 2002, the distillery changed hands again, and the new owner brought a renewed sense of purpose and vigor to Four Roses.<\/p>\n<p>Bottled at a solid at 104 proof, Four Roses Small Batch Select marks the first permanent addition to their portfolio of premium Bourbons since 2006.<\/p>\n<p>This extra proof and non-chill filtered Small Batch Select has a richer profile more robust profile than the signature Four Roses.<\/p>\n<p>Pick up your bottle today!<\/p>\n<div id=\"tab-label-notes\" class=\"data item title active\" tabindex=\"0\" role=\"tab\" aria-labeledby=\"tab-label-notes-title\" data-role=\"collapsible\" data-collapsible=\"true\" aria-controls=\"notes\" aria-selected=\"true\" aria-expanded=\"true\">\n<h2>Tasting Notes<\/h2>\n<\/div>\n<div id=\"notes\" class=\"data item content\" role=\"tabpanel\" data-role=\"content\" aria-labelledby=\"tab-label-notes\" aria-hidden=\"false\">\n<div class=\"product attribute tasting-note\">\n<div class=\"value\">Warm aromas of rich vanilla, mingled with raspberries, cr\u00e8me br\u00fbl\u00e9e and ripe berries on the nose. Bright apricot flavors greet the palate, then give way to hints of mint, cinnamon, apple and mellow oak. The finish is very long, with notes of cinnamon, more fruit and vanilla.<\/div>\n<\/div>\n<\/div>\n<div class=\"caskers-brand-info\"><\/div>\n","protected":false},"excerpt":{"rendered":"<div class=\"top-attr-wrapper\"><span class=\"product-item-size\"><strong>SIZE<\/strong> 750mL <\/span><span class=\"product-item-size proof\"><strong>PROOF<\/strong> 108.4 (54.2% ABV)<\/span><\/div>\n<div><\/div>\n<div class=\"product attribute overview\">\n<div class=\"value\">This limited edition small batch bourbon marks the 130th anniversary for the brand. Crafted by master distiller Brent Elliott.<\/div>\n<\/div>\n","protected":false},"featured_media":0,"comment_status":"closed","ping_status":"closed","template":"","meta":{"inline_featured_image":false},"product_cat":[67],"product_tag":[],"class_list":{"0":"post-8160","1":"product","2":"type-product","3":"status-publish","5":"product_cat-bourbon","7":"first","8":"instock","9":"shipping-taxable","10":"purchasable","11":"product-type-simple"},"yoast_head":"<!-- This site is optimized with the Yoast SEO plugin v27.5 - https:\/\/yoast.com\/product\/yoast-seo-wordpress\/ -->\n<title>Four Roses 130th Anniversary - Whisky International Online<\/title>\n<meta name=\"description\" content=\"This extra proof and non-chill filtered Small Batch Select has a richer profile more robust profile than the signature Four Roses.\" \/>\n<meta name=\"robots\" content=\"index, follow, max-snippet:-1, max-image-preview:large, max-video-preview:-1\" \/>\n<link rel=\"canonical\" href=\"https:\/\/whiskyintenationalonline.com\/?product=four-roses-130th-anniversary\" \/>\n<meta property=\"og:locale\" content=\"en_US\" \/>\n<meta property=\"og:type\" content=\"article\" \/>\n<meta property=\"og:title\" content=\"Four Roses 130th Anniversary - Whisky International Online\" \/>\n<meta property=\"og:description\" content=\"This extra proof and non-chill filtered Small Batch Select has a richer profile more robust profile than the signature Four Roses.\" \/>\n<meta property=\"og:url\" content=\"https:\/\/whiskyintenationalonline.com\/?product=four-roses-130th-anniversary\" \/>\n<meta property=\"og:site_name\" content=\"Whisky International Online\" \/>\n<meta property=\"article:modified_time\" content=\"2024-01-23T13:47:00+00:00\" \/>\n<meta name=\"twitter:card\" content=\"summary_large_image\" \/>\n<meta name=\"twitter:label1\" content=\"Est. reading time\" \/>\n\t<meta name=\"twitter:data1\" content=\"1 minute\" \/>\n<script type=\"application\/ld+json\" class=\"yoast-schema-graph\">{\"@context\":\"https:\\\/\\\/schema.org\",\"@graph\":[{\"@type\":\"WebPage\",\"@id\":\"https:\\\/\\\/whiskyintenationalonline.com\\\/?product=four-roses-130th-anniversary\",\"url\":\"https:\\\/\\\/whiskyintenationalonline.com\\\/?product=four-roses-130th-anniversary\",\"name\":\"Four Roses 130th Anniversary - Whisky International Online\",\"isPartOf\":{\"@id\":\"https:\\\/\\\/whiskyintenationalonline.com\\\/#website\"},\"datePublished\":\"2024-01-23T13:46:59+00:00\",\"dateModified\":\"2024-01-23T13:47:00+00:00\",\"description\":\"This extra proof and non-chill filtered Small Batch Select has a richer profile more robust profile than the signature Four Roses.\",\"breadcrumb\":{\"@id\":\"https:\\\/\\\/whiskyintenationalonline.com\\\/?product=four-roses-130th-anniversary#breadcrumb\"},\"inLanguage\":\"en-US\",\"potentialAction\":[{\"@type\":\"ReadAction\",\"target\":[\"https:\\\/\\\/whiskyintenationalonline.com\\\/?product=four-roses-130th-anniversary\"]}]},{\"@type\":\"BreadcrumbList\",\"@id\":\"https:\\\/\\\/whiskyintenationalonline.com\\\/?product=four-roses-130th-anniversary#breadcrumb\",\"itemListElement\":[{\"@type\":\"ListItem\",\"position\":1,\"name\":\"Home\",\"item\":\"https:\\\/\\\/whiskyintenationalonline.com\\\/\"},{\"@type\":\"ListItem\",\"position\":2,\"name\":\"Shop\",\"item\":\"https:\\\/\\\/whiskyintenationalonline.com\\\/\"},{\"@type\":\"ListItem\",\"position\":3,\"name\":\"Four Roses 130th Anniversary\"}]},{\"@type\":\"WebSite\",\"@id\":\"https:\\\/\\\/whiskyintenationalonline.com\\\/#website\",\"url\":\"https:\\\/\\\/whiskyintenationalonline.com\\\/\",\"name\":\"Whisky International Online\",\"description\":\"Whisky International Online: Buy Rare Single Malt Whisky| Whisky For Sale\",\"publisher\":{\"@id\":\"https:\\\/\\\/whiskyintenationalonline.com\\\/#organization\"},\"potentialAction\":[{\"@type\":\"SearchAction\",\"target\":{\"@type\":\"EntryPoint\",\"urlTemplate\":\"https:\\\/\\\/whiskyintenationalonline.com\\\/?s={search_term_string}\"},\"query-input\":{\"@type\":\"PropertyValueSpecification\",\"valueRequired\":true,\"valueName\":\"search_term_string\"}}],\"inLanguage\":\"en-US\"},{\"@type\":\"Organization\",\"@id\":\"https:\\\/\\\/whiskyintenationalonline.com\\\/#organization\",\"name\":\"Whisky International Online\",\"url\":\"https:\\\/\\\/whiskyintenationalonline.com\\\/\",\"logo\":{\"@type\":\"ImageObject\",\"inLanguage\":\"en-US\",\"@id\":\"https:\\\/\\\/whiskyintenationalonline.com\\\/#\\\/schema\\\/logo\\\/image\\\/\",\"url\":\"https:\\\/\\\/whiskyintenationalonline.com\\\/wp-content\\\/uploads\\\/2025\\\/12\\\/download.png\",\"contentUrl\":\"https:\\\/\\\/whiskyintenationalonline.com\\\/wp-content\\\/uploads\\\/2025\\\/12\\\/download.png\",\"width\":350,\"height\":197,\"caption\":\"Whisky International Online\"},\"image\":{\"@id\":\"https:\\\/\\\/whiskyintenationalonline.com\\\/#\\\/schema\\\/logo\\\/image\\\/\"}}]}<\/script>\n<!-- \/ Yoast SEO plugin. -->","yoast_head_json":{"title":"Four Roses 130th Anniversary - Whisky International Online","description":"This extra proof and non-chill filtered Small Batch Select has a richer profile more robust profile than the signature Four Roses.","robots":{"index":"index","follow":"follow","max-snippet":"max-snippet:-1","max-image-preview":"max-image-preview:large","max-video-preview":"max-video-preview:-1"},"canonical":"https:\/\/whiskyintenationalonline.com\/?product=four-roses-130th-anniversary","og_locale":"en_US","og_type":"article","og_title":"Four Roses 130th Anniversary - Whisky International Online","og_description":"This extra proof and non-chill filtered Small Batch Select has a richer profile more robust profile than the signature Four Roses.","og_url":"https:\/\/whiskyintenationalonline.com\/?product=four-roses-130th-anniversary","og_site_name":"Whisky International Online","article_modified_time":"2024-01-23T13:47:00+00:00","twitter_card":"summary_large_image","twitter_misc":{"Est. reading time":"1 minute"},"schema":{"@context":"https:\/\/schema.org","@graph":[{"@type":"WebPage","@id":"https:\/\/whiskyintenationalonline.com\/?product=four-roses-130th-anniversary","url":"https:\/\/whiskyintenationalonline.com\/?product=four-roses-130th-anniversary","name":"Four Roses 130th Anniversary - Whisky International Online","isPartOf":{"@id":"https:\/\/whiskyintenationalonline.com\/#website"},"datePublished":"2024-01-23T13:46:59+00:00","dateModified":"2024-01-23T13:47:00+00:00","description":"This extra proof and non-chill filtered Small Batch Select has a richer profile more robust profile than the signature Four Roses.","breadcrumb":{"@id":"https:\/\/whiskyintenationalonline.com\/?product=four-roses-130th-anniversary#breadcrumb"},"inLanguage":"en-US","potentialAction":[{"@type":"ReadAction","target":["https:\/\/whiskyintenationalonline.com\/?product=four-roses-130th-anniversary"]}]},{"@type":"BreadcrumbList","@id":"https:\/\/whiskyintenationalonline.com\/?product=four-roses-130th-anniversary#breadcrumb","itemListElement":[{"@type":"ListItem","position":1,"name":"Home","item":"https:\/\/whiskyintenationalonline.com\/"},{"@type":"ListItem","position":2,"name":"Shop","item":"https:\/\/whiskyintenationalonline.com\/"},{"@type":"ListItem","position":3,"name":"Four Roses 130th Anniversary"}]},{"@type":"WebSite","@id":"https:\/\/whiskyintenationalonline.com\/#website","url":"https:\/\/whiskyintenationalonline.com\/","name":"Whisky International Online","description":"Whisky International Online: Buy Rare Single Malt Whisky| Whisky For Sale","publisher":{"@id":"https:\/\/whiskyintenationalonline.com\/#organization"},"potentialAction":[{"@type":"SearchAction","target":{"@type":"EntryPoint","urlTemplate":"https:\/\/whiskyintenationalonline.com\/?s={search_term_string}"},"query-input":{"@type":"PropertyValueSpecification","valueRequired":true,"valueName":"search_term_string"}}],"inLanguage":"en-US"},{"@type":"Organization","@id":"https:\/\/whiskyintenationalonline.com\/#organization","name":"Whisky International Online","url":"https:\/\/whiskyintenationalonline.com\/","logo":{"@type":"ImageObject","inLanguage":"en-US","@id":"https:\/\/whiskyintenationalonline.com\/#\/schema\/logo\/image\/","url":"https:\/\/whiskyintenationalonline.com\/wp-content\/uploads\/2025\/12\/download.png","contentUrl":"https:\/\/whiskyintenationalonline.com\/wp-content\/uploads\/2025\/12\/download.png","width":350,"height":197,"caption":"Whisky International Online"},"image":{"@id":"https:\/\/whiskyintenationalonline.com\/#\/schema\/logo\/image\/"}}]}},"jetpack_sharing_enabled":true,"_links":{"self":[{"href":"https:\/\/whiskyintenationalonline.com\/index.php?rest_route=\/wp\/v2\/product\/8160","targetHints":{"allow":["GET"]}}],"collection":[{"href":"https:\/\/whiskyintenationalonline.com\/index.php?rest_route=\/wp\/v2\/product"}],"about":[{"href":"https:\/\/whiskyintenationalonline.com\/index.php?rest_route=\/wp\/v2\/types\/product"}],"replies":[{"embeddable":true,"href":"https:\/\/whiskyintenationalonline.com\/index.php?rest_route=%2Fwp%2Fv2%2Fcomments&post=8160"}],"wp:attachment":[{"href":"https:\/\/whiskyintenationalonline.com\/index.php?rest_route=%2Fwp%2Fv2%2Fmedia&parent=8160"}],"wp:term":[{"taxonomy":"product_cat","embeddable":true,"href":"https:\/\/whiskyintenationalonline.com\/index.php?rest_route=%2Fwp%2Fv2%2Fproduct_cat&post=8160"},{"taxonomy":"product_tag","embeddable":true,"href":"https:\/\/whiskyintenationalonline.com\/index.php?rest_route=%2Fwp%2Fv2%2Fproduct_tag&post=8160"}],"curies":[{"name":"wp","href":"https:\/\/api.w.org\/{rel}","templated":true}]}}