{"id":7687,"date":"2024-01-22T12:13:29","date_gmt":"2024-01-22T12:13:29","guid":{"rendered":"https:\/\/whiskyintenationalonline.com\/?post_type=product&#038;p=7687"},"modified":"2024-01-22T12:13:30","modified_gmt":"2024-01-22T12:13:30","slug":"patron-en-lalique-serie-3-extra-anejo-tequila","status":"publish","type":"product","link":"https:\/\/whiskyintenationalonline.com\/?product=patron-en-lalique-serie-3-extra-anejo-tequila","title":{"rendered":"Patr\u00f3n en Lalique Serie 3 Extra A\u00f1ejo Tequila"},"content":{"rendered":"<h2 class=\"story-subtitle\">About Patr\u00f3n en Lalique Serie 3 Extra A\u00f1ejo Tequila<\/h2>\n<p>If you like your tequila on the sophisticated side, then you are no stranger to Patr\u00f3n. What started off as one of the oldest and most reputable distilleries in Mexico was later acquired by Bacardi Spirits, a booze giant, giving Patr\u00f3n its rightful shine and recognition in the booze world.<\/p>\n<p>This Mexican spirit is expertly handmade with detailed precision and care. It uses only the first-rate quality Weber Blue Agave, the main culprit for giving the tequila its smooth and slightly sweet taste. <a href=\"https:\/\/www.forbes.com\/sites\/joemicallef\/2022\/07\/11\/patron-tequila-announces-the-release-of-patrn-en-lalique-serie-3\/\">Patr\u00f3n en Lalique Serie 3 Extra A\u00f1ejo<\/a> <a href=\"https:\/\/www.patrontequila.com\/products\/lalique-serie-3.html\">Tequila<\/a> is an artisanal spirit and came out on National Tequila Day on July 24th, 2022.<\/p>\n<p>It is the love child of luxury house Lalique France and tequila paradise Patr\u00f3n, Mexico. This elegant tipple clocks in at 40 % ABV and whose bottle design showcases the work of Marc Larminaux, who encapsulated the agave plant and highlighted the spirits\u2019 natural materials in a handcrafted crystal decanter bottle.<\/p>\n<p>The bottle itself carefully captures the effort of Master Distiller David Rodriguez and his prime selection of 14 extra a\u00f1ejo tequilas, matured up to 14 years. But be warned\u2014only 299 bottles were made, denoting exclusivity and rarity in each and bringing maximum satisfaction to the lucky few owners.<\/p>\n<p>Secure your bottle of Patr\u00f3n en Lalique Serie 3 Extra A\u00f1ejo Tequila!<\/p>\n<div id=\"tab-label-notes\" class=\"data item title active\" tabindex=\"0\" role=\"tab\" aria-labeledby=\"tab-label-notes-title\" data-role=\"collapsible\" data-collapsible=\"true\" aria-controls=\"notes\" aria-selected=\"true\" aria-expanded=\"true\">\n<h2>Tasting Notes<\/h2>\n<\/div>\n<div id=\"notes\" class=\"data item content\" role=\"tabpanel\" data-role=\"content\" aria-labelledby=\"tab-label-notes\" aria-hidden=\"false\">\n<div class=\"product attribute tasting-note\">\n<div class=\"value\">Cooked agave, American, and French oak notes tease the nose, followed by a smooth, sweet, and lightly toasted palate. The finish is a subtle sherry wine string accompanied by hints of spices and dried wood, culminating in a fresh and woody close.<\/div>\n<div>\n<div class=\"AJLUJb\">\n<div data-hveid=\"CEcQAA\">\n<div class=\"s75CSd u60jwe r2fjmd AB4Wff\"><a href=\"https:\/\/www.google.com\/search?sca_esv=600400644&amp;sxsrf=ACQVn0_HMH4dnYNCH51ZRseaT-0eIuP4Ng:1705925333644&amp;q=Patr%C3%B3n+en+lalique+serie+3+extra+a%C3%B1ejo+tequila+price&amp;sa=X&amp;ved=2ahUKEwiWt5mM-_CDAxXEYEEAHb9yCEIQ1QJ6BAhHEAE\">Patr\u00f3n en lalique serie 3 extra a\u00f1ejo tequila price<\/a><\/div>\n<\/div>\n<div data-hveid=\"CEYQAA\">\n<div class=\"aXBZVd unhzXb\"><\/div>\n<div class=\"s75CSd u60jwe r2fjmd AB4Wff\"><a href=\"https:\/\/www.google.com\/search?sca_esv=600400644&amp;sxsrf=ACQVn0_HMH4dnYNCH51ZRseaT-0eIuP4Ng:1705925333644&amp;q=Patr%C3%B3n+en+lalique+serie+3+extra+a%C3%B1ejo+tequila+for+sale&amp;sa=X&amp;ved=2ahUKEwiWt5mM-_CDAxXEYEEAHb9yCEIQ1QJ6BAhGEAE\">Patr\u00f3n en lalique serie 3 extra a\u00f1ejo tequila for sale<\/a><\/div>\n<\/div>\n<div data-hveid=\"CEUQAA\">\n<div class=\"aXBZVd unhzXb\"><\/div>\n<div class=\"s75CSd u60jwe r2fjmd AB4Wff\"><a href=\"https:\/\/www.google.com\/search?sca_esv=600400644&amp;sxsrf=ACQVn0_HMH4dnYNCH51ZRseaT-0eIuP4Ng:1705925333644&amp;q=patr%C3%B3n+en+lalique:+serie+3+price&amp;sa=X&amp;ved=2ahUKEwiWt5mM-_CDAxXEYEEAHb9yCEIQ1QJ6BAhFEAE\">patr\u00f3n en\u00a0<b>lalique:<\/b>\u00a0serie 3\u00a0<b>price<\/b><\/a><\/div>\n<\/div>\n<div data-hveid=\"CEQQAA\">\n<div class=\"aXBZVd unhzXb\"><\/div>\n<div class=\"s75CSd u60jwe r2fjmd AB4Wff\">patr\u00f3n lalique\u00a0<b>series 1<\/b><\/div>\n<\/div>\n<\/div>\n<div class=\"AJLUJb\">\n<div data-hveid=\"CEMQAA\">\n<div class=\"aXBZVd unhzXb\"><\/div>\n<div class=\"s75CSd u60jwe r2fjmd AB4Wff\">patr\u00f3n en lalique serie\u00a0<b>2<\/b><\/div>\n<\/div>\n<div data-hveid=\"CEIQAA\">\n<div class=\"aXBZVd unhzXb\"><\/div>\n<\/div>\n<div data-hveid=\"CD8QAA\">\n<div class=\"s75CSd u60jwe r2fjmd AB4Wff\"><\/div>\n<\/div>\n<\/div>\n<\/div>\n<\/div>\n<\/div>\n","protected":false},"excerpt":{"rendered":"<div class=\"top-attr-wrapper\"><span class=\"product-item-size\"><strong>SIZE<\/strong> 750mL <\/span><span class=\"product-item-size proof\"><strong>PROOF<\/strong> 80 (40% ABV)<\/span><\/div>\n<div><\/div>\n<div class=\"product attribute overview\">\n<div class=\"value\">An expression oozing rarity and exclusivity, this well-matured tequila was made with a premium blend of 14 extra a\u00f1ejo spirits aged up to 14 years. Only 299 bottles were made.<\/div>\n<\/div>\n","protected":false},"featured_media":7689,"comment_status":"closed","ping_status":"closed","template":"","meta":{"inline_featured_image":false},"product_cat":[98],"product_tag":[],"class_list":{"0":"post-7687","1":"product","2":"type-product","3":"status-publish","4":"has-post-thumbnail","6":"product_cat-tequila","8":"first","9":"instock","10":"shipping-taxable","11":"purchasable","12":"product-type-simple"},"yoast_head":"<!-- This site is optimized with the Yoast SEO plugin v27.5 - https:\/\/yoast.com\/product\/yoast-seo-wordpress\/ -->\n<title>Patr\u00f3n en Lalique Serie 3 Extra A\u00f1ejo Tequila - Whisky International Online<\/title>\n<meta name=\"description\" content=\"Patr\u00f3n en Lalique Serie 3 Extra A\u00f1ejo Tequila is an artisanal spirit and came out on National Tequila Day on July 24th, 2022.\" \/>\n<meta name=\"robots\" content=\"index, follow, max-snippet:-1, max-image-preview:large, max-video-preview:-1\" \/>\n<link rel=\"canonical\" href=\"https:\/\/whiskyintenationalonline.com\/?product=patron-en-lalique-serie-3-extra-anejo-tequila\" \/>\n<meta property=\"og:locale\" content=\"en_US\" \/>\n<meta property=\"og:type\" content=\"article\" \/>\n<meta property=\"og:title\" content=\"Patr\u00f3n en Lalique Serie 3 Extra A\u00f1ejo Tequila - Whisky International Online\" \/>\n<meta property=\"og:description\" content=\"Patr\u00f3n en Lalique Serie 3 Extra A\u00f1ejo Tequila is an artisanal spirit and came out on National Tequila Day on July 24th, 2022.\" \/>\n<meta property=\"og:url\" content=\"https:\/\/whiskyintenationalonline.com\/?product=patron-en-lalique-serie-3-extra-anejo-tequila\" \/>\n<meta property=\"og:site_name\" content=\"Whisky International Online\" \/>\n<meta property=\"article:modified_time\" content=\"2024-01-22T12:13:30+00:00\" \/>\n<meta property=\"og:image\" content=\"https:\/\/whiskyintenationalonline.com\/wp-content\/uploads\/2024\/01\/patr_n-en-lalique-serie-3-tequila-1_1.jpg\" \/>\n\t<meta property=\"og:image:width\" content=\"500\" \/>\n\t<meta property=\"og:image:height\" content=\"500\" \/>\n\t<meta property=\"og:image:type\" content=\"image\/jpeg\" \/>\n<meta name=\"twitter:card\" content=\"summary_large_image\" \/>\n<meta name=\"twitter:label1\" content=\"Est. reading time\" \/>\n\t<meta name=\"twitter:data1\" content=\"2 minutes\" \/>\n<script type=\"application\/ld+json\" class=\"yoast-schema-graph\">{\"@context\":\"https:\\\/\\\/schema.org\",\"@graph\":[{\"@type\":\"WebPage\",\"@id\":\"https:\\\/\\\/whiskyintenationalonline.com\\\/?product=patron-en-lalique-serie-3-extra-anejo-tequila\",\"url\":\"https:\\\/\\\/whiskyintenationalonline.com\\\/?product=patron-en-lalique-serie-3-extra-anejo-tequila\",\"name\":\"Patr\u00f3n en Lalique Serie 3 Extra A\u00f1ejo Tequila - Whisky International Online\",\"isPartOf\":{\"@id\":\"https:\\\/\\\/whiskyintenationalonline.com\\\/#website\"},\"primaryImageOfPage\":{\"@id\":\"https:\\\/\\\/whiskyintenationalonline.com\\\/?product=patron-en-lalique-serie-3-extra-anejo-tequila#primaryimage\"},\"image\":{\"@id\":\"https:\\\/\\\/whiskyintenationalonline.com\\\/?product=patron-en-lalique-serie-3-extra-anejo-tequila#primaryimage\"},\"thumbnailUrl\":\"https:\\\/\\\/whiskyintenationalonline.com\\\/wp-content\\\/uploads\\\/2024\\\/01\\\/patr_n-en-lalique-serie-3-tequila-1_1.jpg\",\"datePublished\":\"2024-01-22T12:13:29+00:00\",\"dateModified\":\"2024-01-22T12:13:30+00:00\",\"description\":\"Patr\u00f3n en Lalique Serie 3 Extra A\u00f1ejo Tequila is an artisanal spirit and came out on National Tequila Day on July 24th, 2022.\",\"breadcrumb\":{\"@id\":\"https:\\\/\\\/whiskyintenationalonline.com\\\/?product=patron-en-lalique-serie-3-extra-anejo-tequila#breadcrumb\"},\"inLanguage\":\"en-US\",\"potentialAction\":[{\"@type\":\"ReadAction\",\"target\":[\"https:\\\/\\\/whiskyintenationalonline.com\\\/?product=patron-en-lalique-serie-3-extra-anejo-tequila\"]}]},{\"@type\":\"ImageObject\",\"inLanguage\":\"en-US\",\"@id\":\"https:\\\/\\\/whiskyintenationalonline.com\\\/?product=patron-en-lalique-serie-3-extra-anejo-tequila#primaryimage\",\"url\":\"https:\\\/\\\/whiskyintenationalonline.com\\\/wp-content\\\/uploads\\\/2024\\\/01\\\/patr_n-en-lalique-serie-3-tequila-1_1.jpg\",\"contentUrl\":\"https:\\\/\\\/whiskyintenationalonline.com\\\/wp-content\\\/uploads\\\/2024\\\/01\\\/patr_n-en-lalique-serie-3-tequila-1_1.jpg\",\"width\":500,\"height\":500,\"caption\":\"Patr\u00f3n en Lalique Serie 3 Extra A\u00f1ejo Tequila\"},{\"@type\":\"BreadcrumbList\",\"@id\":\"https:\\\/\\\/whiskyintenationalonline.com\\\/?product=patron-en-lalique-serie-3-extra-anejo-tequila#breadcrumb\",\"itemListElement\":[{\"@type\":\"ListItem\",\"position\":1,\"name\":\"Home\",\"item\":\"https:\\\/\\\/whiskyintenationalonline.com\\\/\"},{\"@type\":\"ListItem\",\"position\":2,\"name\":\"Shop\",\"item\":\"https:\\\/\\\/whiskyintenationalonline.com\\\/\"},{\"@type\":\"ListItem\",\"position\":3,\"name\":\"Patr\u00f3n en Lalique Serie 3 Extra A\u00f1ejo Tequila\"}]},{\"@type\":\"WebSite\",\"@id\":\"https:\\\/\\\/whiskyintenationalonline.com\\\/#website\",\"url\":\"https:\\\/\\\/whiskyintenationalonline.com\\\/\",\"name\":\"Whisky International Online\",\"description\":\"Whisky International Online: Buy Rare Single Malt Whisky| Whisky For Sale\",\"publisher\":{\"@id\":\"https:\\\/\\\/whiskyintenationalonline.com\\\/#organization\"},\"potentialAction\":[{\"@type\":\"SearchAction\",\"target\":{\"@type\":\"EntryPoint\",\"urlTemplate\":\"https:\\\/\\\/whiskyintenationalonline.com\\\/?s={search_term_string}\"},\"query-input\":{\"@type\":\"PropertyValueSpecification\",\"valueRequired\":true,\"valueName\":\"search_term_string\"}}],\"inLanguage\":\"en-US\"},{\"@type\":\"Organization\",\"@id\":\"https:\\\/\\\/whiskyintenationalonline.com\\\/#organization\",\"name\":\"Whisky International Online\",\"url\":\"https:\\\/\\\/whiskyintenationalonline.com\\\/\",\"logo\":{\"@type\":\"ImageObject\",\"inLanguage\":\"en-US\",\"@id\":\"https:\\\/\\\/whiskyintenationalonline.com\\\/#\\\/schema\\\/logo\\\/image\\\/\",\"url\":\"https:\\\/\\\/whiskyintenationalonline.com\\\/wp-content\\\/uploads\\\/2025\\\/12\\\/download.png\",\"contentUrl\":\"https:\\\/\\\/whiskyintenationalonline.com\\\/wp-content\\\/uploads\\\/2025\\\/12\\\/download.png\",\"width\":350,\"height\":197,\"caption\":\"Whisky International Online\"},\"image\":{\"@id\":\"https:\\\/\\\/whiskyintenationalonline.com\\\/#\\\/schema\\\/logo\\\/image\\\/\"}}]}<\/script>\n<!-- \/ Yoast SEO plugin. -->","yoast_head_json":{"title":"Patr\u00f3n en Lalique Serie 3 Extra A\u00f1ejo Tequila - Whisky International Online","description":"Patr\u00f3n en Lalique Serie 3 Extra A\u00f1ejo Tequila is an artisanal spirit and came out on National Tequila Day on July 24th, 2022.","robots":{"index":"index","follow":"follow","max-snippet":"max-snippet:-1","max-image-preview":"max-image-preview:large","max-video-preview":"max-video-preview:-1"},"canonical":"https:\/\/whiskyintenationalonline.com\/?product=patron-en-lalique-serie-3-extra-anejo-tequila","og_locale":"en_US","og_type":"article","og_title":"Patr\u00f3n en Lalique Serie 3 Extra A\u00f1ejo Tequila - Whisky International Online","og_description":"Patr\u00f3n en Lalique Serie 3 Extra A\u00f1ejo Tequila is an artisanal spirit and came out on National Tequila Day on July 24th, 2022.","og_url":"https:\/\/whiskyintenationalonline.com\/?product=patron-en-lalique-serie-3-extra-anejo-tequila","og_site_name":"Whisky International Online","article_modified_time":"2024-01-22T12:13:30+00:00","og_image":[{"width":500,"height":500,"url":"https:\/\/whiskyintenationalonline.com\/wp-content\/uploads\/2024\/01\/patr_n-en-lalique-serie-3-tequila-1_1.jpg","type":"image\/jpeg"}],"twitter_card":"summary_large_image","twitter_misc":{"Est. reading time":"2 minutes"},"schema":{"@context":"https:\/\/schema.org","@graph":[{"@type":"WebPage","@id":"https:\/\/whiskyintenationalonline.com\/?product=patron-en-lalique-serie-3-extra-anejo-tequila","url":"https:\/\/whiskyintenationalonline.com\/?product=patron-en-lalique-serie-3-extra-anejo-tequila","name":"Patr\u00f3n en Lalique Serie 3 Extra A\u00f1ejo Tequila - Whisky International Online","isPartOf":{"@id":"https:\/\/whiskyintenationalonline.com\/#website"},"primaryImageOfPage":{"@id":"https:\/\/whiskyintenationalonline.com\/?product=patron-en-lalique-serie-3-extra-anejo-tequila#primaryimage"},"image":{"@id":"https:\/\/whiskyintenationalonline.com\/?product=patron-en-lalique-serie-3-extra-anejo-tequila#primaryimage"},"thumbnailUrl":"https:\/\/whiskyintenationalonline.com\/wp-content\/uploads\/2024\/01\/patr_n-en-lalique-serie-3-tequila-1_1.jpg","datePublished":"2024-01-22T12:13:29+00:00","dateModified":"2024-01-22T12:13:30+00:00","description":"Patr\u00f3n en Lalique Serie 3 Extra A\u00f1ejo Tequila is an artisanal spirit and came out on National Tequila Day on July 24th, 2022.","breadcrumb":{"@id":"https:\/\/whiskyintenationalonline.com\/?product=patron-en-lalique-serie-3-extra-anejo-tequila#breadcrumb"},"inLanguage":"en-US","potentialAction":[{"@type":"ReadAction","target":["https:\/\/whiskyintenationalonline.com\/?product=patron-en-lalique-serie-3-extra-anejo-tequila"]}]},{"@type":"ImageObject","inLanguage":"en-US","@id":"https:\/\/whiskyintenationalonline.com\/?product=patron-en-lalique-serie-3-extra-anejo-tequila#primaryimage","url":"https:\/\/whiskyintenationalonline.com\/wp-content\/uploads\/2024\/01\/patr_n-en-lalique-serie-3-tequila-1_1.jpg","contentUrl":"https:\/\/whiskyintenationalonline.com\/wp-content\/uploads\/2024\/01\/patr_n-en-lalique-serie-3-tequila-1_1.jpg","width":500,"height":500,"caption":"Patr\u00f3n en Lalique Serie 3 Extra A\u00f1ejo Tequila"},{"@type":"BreadcrumbList","@id":"https:\/\/whiskyintenationalonline.com\/?product=patron-en-lalique-serie-3-extra-anejo-tequila#breadcrumb","itemListElement":[{"@type":"ListItem","position":1,"name":"Home","item":"https:\/\/whiskyintenationalonline.com\/"},{"@type":"ListItem","position":2,"name":"Shop","item":"https:\/\/whiskyintenationalonline.com\/"},{"@type":"ListItem","position":3,"name":"Patr\u00f3n en Lalique Serie 3 Extra A\u00f1ejo Tequila"}]},{"@type":"WebSite","@id":"https:\/\/whiskyintenationalonline.com\/#website","url":"https:\/\/whiskyintenationalonline.com\/","name":"Whisky International Online","description":"Whisky International Online: Buy Rare Single Malt Whisky| Whisky For Sale","publisher":{"@id":"https:\/\/whiskyintenationalonline.com\/#organization"},"potentialAction":[{"@type":"SearchAction","target":{"@type":"EntryPoint","urlTemplate":"https:\/\/whiskyintenationalonline.com\/?s={search_term_string}"},"query-input":{"@type":"PropertyValueSpecification","valueRequired":true,"valueName":"search_term_string"}}],"inLanguage":"en-US"},{"@type":"Organization","@id":"https:\/\/whiskyintenationalonline.com\/#organization","name":"Whisky International Online","url":"https:\/\/whiskyintenationalonline.com\/","logo":{"@type":"ImageObject","inLanguage":"en-US","@id":"https:\/\/whiskyintenationalonline.com\/#\/schema\/logo\/image\/","url":"https:\/\/whiskyintenationalonline.com\/wp-content\/uploads\/2025\/12\/download.png","contentUrl":"https:\/\/whiskyintenationalonline.com\/wp-content\/uploads\/2025\/12\/download.png","width":350,"height":197,"caption":"Whisky International Online"},"image":{"@id":"https:\/\/whiskyintenationalonline.com\/#\/schema\/logo\/image\/"}}]}},"jetpack_sharing_enabled":true,"_links":{"self":[{"href":"https:\/\/whiskyintenationalonline.com\/index.php?rest_route=\/wp\/v2\/product\/7687","targetHints":{"allow":["GET"]}}],"collection":[{"href":"https:\/\/whiskyintenationalonline.com\/index.php?rest_route=\/wp\/v2\/product"}],"about":[{"href":"https:\/\/whiskyintenationalonline.com\/index.php?rest_route=\/wp\/v2\/types\/product"}],"replies":[{"embeddable":true,"href":"https:\/\/whiskyintenationalonline.com\/index.php?rest_route=%2Fwp%2Fv2%2Fcomments&post=7687"}],"wp:featuredmedia":[{"embeddable":true,"href":"https:\/\/whiskyintenationalonline.com\/index.php?rest_route=\/wp\/v2\/media\/7689"}],"wp:attachment":[{"href":"https:\/\/whiskyintenationalonline.com\/index.php?rest_route=%2Fwp%2Fv2%2Fmedia&parent=7687"}],"wp:term":[{"taxonomy":"product_cat","embeddable":true,"href":"https:\/\/whiskyintenationalonline.com\/index.php?rest_route=%2Fwp%2Fv2%2Fproduct_cat&post=7687"},{"taxonomy":"product_tag","embeddable":true,"href":"https:\/\/whiskyintenationalonline.com\/index.php?rest_route=%2Fwp%2Fv2%2Fproduct_tag&post=7687"}],"curies":[{"name":"wp","href":"https:\/\/api.w.org\/{rel}","templated":true}]}}